by 14.
13
Let m(g) be the third derivative of -g**6/120 + g**5/10 + g**4/24 - 6*g**2. Calculate the remainder when m(6) is divided by 30/7 - (-2)/(-7).
2
Let k = -1 - -5. Suppose 0 = 2*i - 4*y + 11 - 37, -3*y = -5*i + 72. Calculate the remainder when i is divided by k.
3
Suppose c - 5 = -2*a, -3*a + 4 = a. What is the remainder when 20 is divided by c?
2
Suppose -5*i = -3*t + 2 - 65, 19 = -t + i. Let l = 23 + t. Calculate the remainder when 13 is divided by l.
6
Let v = 49 + -32. Calculate the remainder when v is divided by 10.
7
Let u be 10/(-25)*(-3 + -2). Suppose 0 = -0*n - 4*n + 4*i + 76, -2*i + 18 = u*n. What is the remainder when 26 is divided by n?
12
Calculate the remainder when 4/8*6 + 26 is divided by 16.
13
Let p be 36 + (2 - 0 - 3). Calculate the remainder when 39 is divided by p/(-21)*(-12)/1.
19
Let b = -52 - -64. What is the remainder when 83 is divided by b?
11
Suppose 8 + 1 = 3*y. What is the remainder when 8 is divided by y?
2
Let j be 2/2 + 5/(-1). Let s(l) = 6*l**2 + l + 1. Calculate the remainder when (15/(-4) + 1)*j is divided by s(-1).
5
Let s = 3 + -7. Calculate the remainder when (-57)/(s/(24/9)) is divided by 10.
8
Let z(i) = -2*i - 2. Suppose 0 = -5*j, -2*l - 4*j = 2*l + 4. Calculate the remainder when l/((-3)/54) - 2 is divided by z(-4).
4
Let b = -10 - -10. Suppose 0 = 4*i - b*i - 48. Calculate the remainder when 23 is divided by i.
11
Suppose 0 = -0*d - 5*d + 585. What is the remainder when d is divided by 30?
27
Suppose 0 = -t - t - 10, 4*t + 74 = 3*u. Suppose -3*f + 3 = 0, 0*j - 2*f - u = -5*j. Calculate the remainder when j is divided by 2.
0
Let r = -29 - -64. Calculate the remainder when r is divided by 19.
16
Let r(h) = -h + 10. Let q be r(6). Suppose -b + 75 = q*b. Suppose -4*f - 145 = -u - 2*u, -u - 3*f + 31 = 0. What is the remainder when u is divided by b?
13
Let o = -21 + 62. Suppose 2*f - o = -y + f, 0 = 4*y - f - 174. Suppose -a - 60 = -5*g - 4*a, g - a = 20. Calculate the remainder when y is divided by g.
13
Let d(q) = q**3 + 5*q**2 - q - 1. Calculate the remainder when d(-5) is divided by 2.
0
Suppose -4*m + 4*r = -94 - 54, 3*m = -4*r + 139. Let w(o) = 2*o**2 + o - 4. Calculate the remainder when m is divided by w(-3).
8
Suppose 0 = -3*z - 2*z + 210. What is the remainder when z is divided by 11?
9
Let n = -7 - -7. Suppose -4*x + u = -n*u - 8, 2*x = -4*u - 14. Calculate the remainder when x is divided by 1.
0
Calculate the remainder when 36 is divided by (-1)/((-4)/58) - 6/12.
8
Let u be 0*1/3 + 16. Let f = u + -2. Calculate the remainder when f is divided by 8.
6
Let a(u) = 4 + 7*u**2 + 2*u**3 - 3 + 7*u - u**3. Let n = 106 - 97. Calculate the remainder when a(-5) is divided by n.
7
Calculate the remainder when (-2)/27*-489 - (-4)/(-18) is divided by 20.
16
Let v(w) = 4*w. Let a = -26 - -36. Suppose 4*i - 20 = -u, -2*i - 2*u = u - a. What is the remainder when 58 is divided by v(i)?
18
Let o = 14 + 4. Suppose -39 + o = -3*v. Let n = 31 + -12. What is the remainder when n is divided by v?
5
Let u = -1 - -8. Suppose -4*h + 2*s + 96 = -2*s, 0 = -4*h - 3*s + 61. What is the remainder when h is divided by u?
5
Let i be (-1)/1*(-18)/1. Suppose 2*j + j = 9. Suppose i = -r + j*r. Calculate the remainder when 16 is divided by r.
7
Let t(b) = b**3 - b**2 - 2*b + 1. What is the remainder when t(4) is divided by 4*(21/4 - 0)?
20
Suppose s - 2*z = -3*z + 31, s = 3*z + 23. Calculate the remainder when 55 is divided by s.
26
Suppose -x - 2*o + 7 + 5 = 0, -2*x = -o - 9. Suppose -2*n - 303 = 2*n + 3*y, -4*n + 3*y = 297. Calculate the remainder when 14 is divided by (-2)/x - n/9.
6
Suppose -2*n + h + 30 = 5*h, 2*h + 8 = 0. What is the remainder when n is divided by 8?
7
Suppose 4*r = 6*r - 12. What is the remainder when 120/10 - 3/(-1) is divided by r?
3
Suppose -3*i = -3*v, v = -2*i - 0*v. Let z = i + 6. What is the remainder when 15 is divided by z?
3
Let v = 150 - 106. Suppose 14 = 3*k - 2*j - 18, 4*k - v = 4*j. Calculate the remainder when 17 is divided by k.
7
Let d = 79 - 37. Let y = -6 - -17. Calculate the remainder when d is divided by y.
9
Calculate the remainder when 115 is divided by 2/(429/(-87) - -5).
28
Let h = 0 - -29. Calculate the remainder when 202 is divided by h.
28
Suppose -4*r - 4 = -4*o, -3*r = 3*o - 2*o - 5. Suppose -q - g - 3*g = -5, -5*g = 4*q - 9. Calculate the remainder when q is divided by r.
0
Let y(d) be the third derivative of -d**5/60 - d**4/6 + d**3/6 + 3*d**2. Let o be y(-3). Suppose -3 - 57 = -o*b. What is the remainder when 29 is divided by b?
14
Suppose 0 = -4*o + b + 56 + 224, -3*o + 215 = -2*b. Let w(f) = -f**3 + f**2 + f + 18. What is the remainder when o is divided by w(0)?
15
What is the remainder when 40 is divided by 6 - (1 - (-6)/(-3))?
5
Let f = 126 - 111. What is the remainder when f is divided by 9?
6
Let c(x) = -2*x**3 - x**2 + 3*x + 2. Let o be c(-2). Suppose o = b + 3*b. What is the remainder when 29 is divided by (30/9)/(b/6)?
9
Let a = -7 - -18. Calculate the remainder when 86 is divided by a.
9
Suppose -3*i = -4*q, -2*q + 0*i = -3*i. Suppose q = -2*c + 6*c - 156. What is the remainder when c is divided by 20?
19
What is the remainder when 38 is divided by (9 + -3)*4 + -4?
18
Let n = 99 - 68. What is the remainder when n is divided by 7?
3
Let z(i) = -34*i - 3. What is the remainder when z(-2) is divided by 17?
14
Let c = 87 - 49. Let y(o) = -6*o + 6. Let u(g) = 25*g - 25. Let x(h) = -2*u(h) - 9*y(h). Calculate the remainder when c is divided by x(6).
18
Let w = 84 + -57. What is the remainder when 107 is divided by w?
26
Suppose 5*l - 422 = -2*f, 152 = 3*l - l + 5*f. Calculate the remainder when l is divided by 8.
6
Let j = -83 - -123. Calculate the remainder when 159 is divided by j.
39
Let p(f) = -6*f - 30. What is the remainder when p(-17) is divided by 37?
35
Let b(j) = j**3 - 5*j**2 + 7*j - 6. Calculate the remainder when 35 is divided by b(4).
5
Let h = 36 + -17. Let v(q) = -q**2 + 5*q - 4. Let w be v(4). Suppose 0 = -2*s - w*s + 14. What is the remainder when h is divided by s?
5
Suppose 3*i + 10 = -5*z, 0*z - z + 4 = 0. Let a = -4 - i. Suppose 64 = -2*p + 6*p. What is the remainder when p is divided by a?
4
Suppose -12 + 88 = 2*s. What is the remainder when s is divided by 10?
8
Suppose 0*d = 2*d + 10. Let z(h) = -h**3 - 3*h**2 + 8*h + 3. Calculate the remainder when 25 is divided by z(d).
12
Let a(s) = -s**3 - 13*s**2 - 12*s + 12. Calculate the remainder when 35 is divided by a(-12).
11
Suppose -2*y + 15 = 3*y. Let g = y - 3. Suppose g = 5*m + 4*u - 34, -4*m + 4*u = 7 - 63. What is the remainder when 29 is divided by m?
9
Let o = -12 + 20. Suppose r - 11 = 14. What is the remainder when r is divided by 6/o - 66/(-8)?
7
Suppose -33 = -3*f - 0. Calculate the remainder when f is divided by 3.
2
Let d be (-6)/(-18) - 202/(-6). Let w = -19 + d. What is the remainder when w is divided by 6?
3
Suppose 0 = 20*o - 123 - 317. Calculate the remainder when 64 is divided by o.
20
Let v(o) = 15*o - 12. Let k(w) = -4*w - 6. What is the remainder when v(2) is divided by k(-4)?
8
Let t = 0 - -5. Suppose 0 = n - t*n. Suppose 0 = -3*r + w + 2*w + 81, n = -3*r + 4*w + 85. Calculate the remainder when r is divided by 12.
11
Suppose -4*k - 182 = -6*k. Suppose 5*c + v - k = 0, -4*v + 24 = 2*c + 2. Calculate the remainder when c is divided by 7.
5
Suppose -4 - 20 = -4*g. Let n(f) = -f**2 + 8*f - 6. Calculate the remainder when (34/4)/((-1)/(-2)) is divided by n(g).
5
What is the remainder when ((-3)/(-6))/((-11)/(-3674)) is divided by 24?
23
Let m(v) = -17*v - 6. Let n(x) = -9*x - 3. Let u(j) = 4*m(j) - 7*n(j). What is the remainder when 12 is divided by u(-2)?
5
Let a = 14 + -13. Let i = 5 + -3. Calculate the remainder when i is divided by a.
0
Let b = -21 + 34. What is the remainder when b is divided by 4?
1
Let m(x) = -x + 1. Let q be m(0). Let j be (-1)/(q/(-5 - -2)). Suppose -2*l = -p, j*p - 8 = l + 2. Calculate the remainder when 10 is divided by p.
2
What is the remainder when 71 is divided by 11/(-22) + (-74)/(-4)?
17
Let f = -3 - -2. Calculate the remainder when 33 is divided by 2*(f - 11/(-2)).
6
Let l(o) be the second derivative of -o**4/12 + 2*o**3 + 13*o**2/2 - 7*o. Calculate the remainder when 36 is divided by l(12).
10
What is the remainder when 8 is divided